{"id":107,"date":"2022-08-14T13:49:11","date_gmt":"2022-08-14T11:49:11","guid":{"rendered":"http:\/\/collegiaps.cluster007.ovh.net\/gite\/?page_id=107"},"modified":"2022-08-15T01:41:59","modified_gmt":"2022-08-14T23:41:59","slug":"visites","status":"publish","type":"page","link":"https:\/\/gite-barroux.fr\/index.php\/visites\/","title":{"rendered":"Visites"},"content":{"rendered":"<p><span style=\"color: #777777;\"><span style=\"font-family: Times New Roman, serif;\"><span style=\"font-size: large;\">Le Barroux domin\u00e9 par son ch\u00e2teau<\/span><\/span><\/span><\/p>\n<p><span style=\"color: #777777;\"> <span style=\"font-family: Times New Roman, serif;\"><span style=\"font-size: large;\">Vaison la Romaine et ses fouilles antiques<\/span><\/span><\/span><\/p>\n<p><span style=\"color: #777777;\"> <span style=\"font-family: Times New Roman, serif;\"><span style=\"font-size: large;\">Avignon avec ses remparts, sa cath\u00e9drale, son c\u00e9l\u00e8bre pont et lePalais des papes<\/span><\/span><\/span><\/p>\n<p><span style=\"color: #777777;\"> <span style=\"font-family: Times New Roman, serif;\"><span style=\"font-size: large;\">Carpentras avec sa cath\u00e9drale abritant un clou de la Passion du Christ<\/span><\/span><\/span><\/p>\n<p><span style=\"color: #777777;\"> <span style=\"font-family: Times New Roman, serif;\"><span style=\"font-size: large;\">Orange et ses vestiges romains<\/span><\/span><\/span><\/p>\n<p><span style=\"color: #777777;\"> <span style=\"font-family: Times New Roman, serif;\"><span style=\"font-size: large;\">L\u2019abbaye cistercienne de S\u00e9nanque<\/span><\/span><\/span><\/p>\n<p><span style=\"color: #777777;\"> <span style=\"font-family: Times New Roman, serif;\"><span style=\"font-size: large;\">Des dizaines de villes et villages typiquement proven\u00e7aux<\/span><\/span><\/span><\/p>\n<p><span style=\"font-family: Times New Roman, serif;\"><span style=\"font-size: large;\">Les deux Abbayes b\u00e9n\u00e9dictines du Barroux vous proposent leurs offices et leurs nombreux produits monastiques.<\/span><\/span><\/p>\n\n\n<figure class=\"wp-block-gallery has-nested-images columns-default is-cropped wp-block-gallery-1 is-layout-flex wp-block-gallery-is-layout-flex\">\n<figure class=\"wp-block-image size-large\"><img loading=\"lazy\" decoding=\"async\" width=\"950\" height=\"500\" data-id=\"237\" src=\"http:\/\/collegiaps.cluster007.ovh.net\/gite\/wp-content\/uploads\/2022\/08\/palais-papes.jpg\" alt=\"\" class=\"wp-image-237\" srcset=\"https:\/\/gite-barroux.fr\/wp-content\/uploads\/2022\/08\/palais-papes.jpg 950w, https:\/\/gite-barroux.fr\/wp-content\/uploads\/2022\/08\/palais-papes-300x158.jpg 300w, https:\/\/gite-barroux.fr\/wp-content\/uploads\/2022\/08\/palais-papes-768x404.jpg 768w\" sizes=\"auto, (max-width: 950px) 100vw, 950px\" \/><figcaption>Palais des Papes<\/figcaption><\/figure>\n\n\n\n<figure class=\"wp-block-image size-large\"><img loading=\"lazy\" decoding=\"async\" width=\"950\" height=\"500\" data-id=\"238\" src=\"http:\/\/collegiaps.cluster007.ovh.net\/gite\/wp-content\/uploads\/2022\/08\/avignon-2.jpg\" alt=\"\" class=\"wp-image-238\" srcset=\"https:\/\/gite-barroux.fr\/wp-content\/uploads\/2022\/08\/avignon-2.jpg 950w, https:\/\/gite-barroux.fr\/wp-content\/uploads\/2022\/08\/avignon-2-300x158.jpg 300w, https:\/\/gite-barroux.fr\/wp-content\/uploads\/2022\/08\/avignon-2-768x404.jpg 768w\" sizes=\"auto, (max-width: 950px) 100vw, 950px\" \/><figcaption>Avignon<\/figcaption><\/figure>\n\n\n\n<figure class=\"wp-block-image size-large\"><img loading=\"lazy\" decoding=\"async\" width=\"950\" height=\"500\" data-id=\"239\" src=\"http:\/\/collegiaps.cluster007.ovh.net\/gite\/wp-content\/uploads\/2022\/08\/avignon.jpg\" alt=\"\" class=\"wp-image-239\" srcset=\"https:\/\/gite-barroux.fr\/wp-content\/uploads\/2022\/08\/avignon.jpg 950w, https:\/\/gite-barroux.fr\/wp-content\/uploads\/2022\/08\/avignon-300x158.jpg 300w, https:\/\/gite-barroux.fr\/wp-content\/uploads\/2022\/08\/avignon-768x404.jpg 768w\" sizes=\"auto, (max-width: 950px) 100vw, 950px\" \/><figcaption>Avignon<\/figcaption><\/figure>\n\n\n\n<figure class=\"wp-block-image size-large\"><img loading=\"lazy\" decoding=\"async\" width=\"931\" height=\"682\" data-id=\"227\" src=\"http:\/\/collegiaps.cluster007.ovh.net\/gite\/wp-content\/uploads\/2022\/08\/ND-Annonciation.jpeg\" alt=\"\" class=\"wp-image-227\" srcset=\"https:\/\/gite-barroux.fr\/wp-content\/uploads\/2022\/08\/ND-Annonciation.jpeg 931w, https:\/\/gite-barroux.fr\/wp-content\/uploads\/2022\/08\/ND-Annonciation-300x220.jpeg 300w, https:\/\/gite-barroux.fr\/wp-content\/uploads\/2022\/08\/ND-Annonciation-768x563.jpeg 768w\" sizes=\"auto, (max-width: 931px) 100vw, 931px\" \/><figcaption>Abbaye Notre-Dame de l&rsquo;Annonciation<\/figcaption><\/figure>\n\n\n\n<figure class=\"wp-block-image size-large\"><img loading=\"lazy\" decoding=\"async\" width=\"1800\" height=\"1200\" data-id=\"226\" src=\"http:\/\/collegiaps.cluster007.ovh.net\/gite\/wp-content\/uploads\/2022\/08\/vaison.jpg\" alt=\"\" class=\"wp-image-226\" srcset=\"https:\/\/gite-barroux.fr\/wp-content\/uploads\/2022\/08\/vaison.jpg 1800w, https:\/\/gite-barroux.fr\/wp-content\/uploads\/2022\/08\/vaison-300x200.jpg 300w, https:\/\/gite-barroux.fr\/wp-content\/uploads\/2022\/08\/vaison-1024x683.jpg 1024w, https:\/\/gite-barroux.fr\/wp-content\/uploads\/2022\/08\/vaison-768x512.jpg 768w, https:\/\/gite-barroux.fr\/wp-content\/uploads\/2022\/08\/vaison-1536x1024.jpg 1536w\" sizes=\"auto, (max-width: 1800px) 100vw, 1800px\" \/><figcaption>Vaison-la-Romaine<\/figcaption><\/figure>\n\n\n\n<figure class=\"wp-block-image size-large\"><img loading=\"lazy\" decoding=\"async\" width=\"624\" height=\"360\" data-id=\"223\" src=\"http:\/\/collegiaps.cluster007.ovh.net\/gite\/wp-content\/uploads\/2022\/08\/abbayes-1.jpg\" alt=\"\" class=\"wp-image-223\" srcset=\"https:\/\/gite-barroux.fr\/wp-content\/uploads\/2022\/08\/abbayes-1.jpg 624w, https:\/\/gite-barroux.fr\/wp-content\/uploads\/2022\/08\/abbayes-1-300x173.jpg 300w\" sizes=\"auto, (max-width: 624px) 100vw, 624px\" \/><figcaption>Abbaye Sainte Madeleine &amp; Mont Ventoux<\/figcaption><\/figure>\n\n\n\n<figure class=\"wp-block-image size-large\"><img loading=\"lazy\" decoding=\"async\" width=\"1800\" height=\"1200\" data-id=\"215\" src=\"http:\/\/collegiaps.cluster007.ovh.net\/gite\/wp-content\/uploads\/2022\/08\/ventoux.jpg\" alt=\"\" class=\"wp-image-215\" srcset=\"https:\/\/gite-barroux.fr\/wp-content\/uploads\/2022\/08\/ventoux.jpg 1800w, https:\/\/gite-barroux.fr\/wp-content\/uploads\/2022\/08\/ventoux-300x200.jpg 300w, https:\/\/gite-barroux.fr\/wp-content\/uploads\/2022\/08\/ventoux-1024x683.jpg 1024w, https:\/\/gite-barroux.fr\/wp-content\/uploads\/2022\/08\/ventoux-768x512.jpg 768w, https:\/\/gite-barroux.fr\/wp-content\/uploads\/2022\/08\/ventoux-1536x1024.jpg 1536w\" sizes=\"auto, (max-width: 1800px) 100vw, 1800px\" \/><figcaption>Mont Ventoux<\/figcaption><\/figure>\n\n\n\n<figure class=\"wp-block-image size-large\"><img loading=\"lazy\" decoding=\"async\" width=\"1276\" height=\"521\" data-id=\"200\" src=\"http:\/\/collegiaps.cluster007.ovh.net\/gite\/wp-content\/uploads\/2022\/08\/abbaye-hd-rogne.jpg\" alt=\"\" class=\"wp-image-200\" srcset=\"https:\/\/gite-barroux.fr\/wp-content\/uploads\/2022\/08\/abbaye-hd-rogne.jpg 1276w, https:\/\/gite-barroux.fr\/wp-content\/uploads\/2022\/08\/abbaye-hd-rogne-300x122.jpg 300w, https:\/\/gite-barroux.fr\/wp-content\/uploads\/2022\/08\/abbaye-hd-rogne-1024x418.jpg 1024w, https:\/\/gite-barroux.fr\/wp-content\/uploads\/2022\/08\/abbaye-hd-rogne-768x314.jpg 768w\" sizes=\"auto, (max-width: 1276px) 100vw, 1276px\" \/><figcaption>Abbaye Sainte Madeleine<\/figcaption><\/figure>\n\n\n\n<figure class=\"wp-block-image size-large\"><img loading=\"lazy\" decoding=\"async\" width=\"860\" height=\"645\" data-id=\"191\" src=\"http:\/\/collegiaps.cluster007.ovh.net\/gite\/wp-content\/uploads\/2022\/08\/860_ilka_et_aqueduc.webp\" alt=\"\" class=\"wp-image-191\" srcset=\"https:\/\/gite-barroux.fr\/wp-content\/uploads\/2022\/08\/860_ilka_et_aqueduc.webp 860w, https:\/\/gite-barroux.fr\/wp-content\/uploads\/2022\/08\/860_ilka_et_aqueduc-300x225.webp 300w, https:\/\/gite-barroux.fr\/wp-content\/uploads\/2022\/08\/860_ilka_et_aqueduc-768x576.webp 768w\" sizes=\"auto, (max-width: 860px) 100vw, 860px\" \/><figcaption>Aqueduc<\/figcaption><\/figure>\n\n\n\n<figure class=\"wp-block-image size-large\"><img loading=\"lazy\" decoding=\"async\" width=\"769\" height=\"432\" data-id=\"188\" src=\"http:\/\/collegiaps.cluster007.ovh.net\/gite\/wp-content\/uploads\/2022\/08\/870x489_lavande.webp\" alt=\"\" class=\"wp-image-188\" srcset=\"https:\/\/gite-barroux.fr\/wp-content\/uploads\/2022\/08\/870x489_lavande.webp 769w, https:\/\/gite-barroux.fr\/wp-content\/uploads\/2022\/08\/870x489_lavande-300x169.webp 300w\" sizes=\"auto, (max-width: 769px) 100vw, 769px\" \/><figcaption>Bories<\/figcaption><\/figure>\n\n\n\n<figure class=\"wp-block-image size-large\"><img loading=\"lazy\" decoding=\"async\" width=\"2560\" height=\"1920\" data-id=\"179\" src=\"http:\/\/collegiaps.cluster007.ovh.net\/gite\/wp-content\/uploads\/2022\/08\/Village_du_Barroux_2-scaled.jpg\" alt=\"\" class=\"wp-image-179\" srcset=\"https:\/\/gite-barroux.fr\/wp-content\/uploads\/2022\/08\/Village_du_Barroux_2-scaled.jpg 2560w, https:\/\/gite-barroux.fr\/wp-content\/uploads\/2022\/08\/Village_du_Barroux_2-300x225.jpg 300w, https:\/\/gite-barroux.fr\/wp-content\/uploads\/2022\/08\/Village_du_Barroux_2-1024x768.jpg 1024w, https:\/\/gite-barroux.fr\/wp-content\/uploads\/2022\/08\/Village_du_Barroux_2-768x576.jpg 768w, https:\/\/gite-barroux.fr\/wp-content\/uploads\/2022\/08\/Village_du_Barroux_2-1536x1152.jpg 1536w, https:\/\/gite-barroux.fr\/wp-content\/uploads\/2022\/08\/Village_du_Barroux_2-2048x1536.jpg 2048w\" sizes=\"auto, (max-width: 2560px) 100vw, 2560px\" \/><figcaption>Village du Barroux<\/figcaption><\/figure>\n<\/figure>\n","protected":false},"excerpt":{"rendered":"<p>Le Barroux domin\u00e9 par son ch\u00e2teau Vaison la Romaine et ses fouilles antiques Avignon avec ses remparts, sa cath\u00e9drale, son c\u00e9l\u00e8bre pont et lePalais des papes Carpentras avec sa cath\u00e9drale abritant un clou de la Passion du Christ Orange et ses vestiges romains L\u2019abbaye cistercienne de S\u00e9nanque Des dizaines de villes et villages typiquement proven\u00e7aux [&hellip;]<\/p>\n","protected":false},"author":1,"featured_media":179,"parent":0,"menu_order":0,"comment_status":"closed","ping_status":"closed","template":"","meta":{"footnotes":""},"class_list":["post-107","page","type-page","status-publish","has-post-thumbnail","hentry"],"yoast_head":"<!-- This site is optimized with the Yoast SEO plugin v27.6 - https:\/\/yoast.com\/product\/yoast-seo-wordpress\/ -->\n<title>Visites - G\u00eete de Bois Long - Le Barroux - Provence<\/title>\n<meta name=\"robots\" content=\"index, follow, max-snippet:-1, max-image-preview:large, max-video-preview:-1\" \/>\n<link rel=\"canonical\" href=\"https:\/\/gite-barroux.fr\/index.php\/visites\/\" \/>\n<meta property=\"og:locale\" content=\"fr_FR\" \/>\n<meta property=\"og:type\" content=\"article\" \/>\n<meta property=\"og:title\" content=\"Visites - G\u00eete de Bois Long - Le Barroux - Provence\" \/>\n<meta property=\"og:description\" content=\"Le Barroux domin\u00e9 par son ch\u00e2teau Vaison la Romaine et ses fouilles antiques Avignon avec ses remparts, sa cath\u00e9drale, son c\u00e9l\u00e8bre pont et lePalais des papes Carpentras avec sa cath\u00e9drale abritant un clou de la Passion du Christ Orange et ses vestiges romains L\u2019abbaye cistercienne de S\u00e9nanque Des dizaines de villes et villages typiquement proven\u00e7aux [&hellip;]\" \/>\n<meta property=\"og:url\" content=\"https:\/\/gite-barroux.fr\/index.php\/visites\/\" \/>\n<meta property=\"og:site_name\" content=\"G\u00eete de Bois Long - Le Barroux - Provence\" \/>\n<meta property=\"article:modified_time\" content=\"2022-08-14T23:41:59+00:00\" \/>\n<meta property=\"og:image\" content=\"https:\/\/gite-barroux.fr\/wp-content\/uploads\/2022\/08\/Village_du_Barroux_2-scaled.jpg\" \/>\n\t<meta property=\"og:image:width\" content=\"2560\" \/>\n\t<meta property=\"og:image:height\" content=\"1920\" \/>\n\t<meta property=\"og:image:type\" content=\"image\/jpeg\" \/>\n<meta name=\"twitter:card\" content=\"summary_large_image\" \/>\n<meta name=\"twitter:label1\" content=\"Dur\u00e9e de lecture estim\u00e9e\" \/>\n\t<meta name=\"twitter:data1\" content=\"1 minute\" \/>\n<script type=\"application\/ld+json\" class=\"yoast-schema-graph\">{\"@context\":\"https:\\\/\\\/schema.org\",\"@graph\":[{\"@type\":\"WebPage\",\"@id\":\"https:\\\/\\\/gite-barroux.fr\\\/index.php\\\/visites\\\/\",\"url\":\"https:\\\/\\\/gite-barroux.fr\\\/index.php\\\/visites\\\/\",\"name\":\"Visites - G\u00eete de Bois Long - Le Barroux - Provence\",\"isPartOf\":{\"@id\":\"https:\\\/\\\/gite-barroux.fr\\\/#website\"},\"primaryImageOfPage\":{\"@id\":\"https:\\\/\\\/gite-barroux.fr\\\/index.php\\\/visites\\\/#primaryimage\"},\"image\":{\"@id\":\"https:\\\/\\\/gite-barroux.fr\\\/index.php\\\/visites\\\/#primaryimage\"},\"thumbnailUrl\":\"https:\\\/\\\/gite-barroux.fr\\\/wp-content\\\/uploads\\\/2022\\\/08\\\/Village_du_Barroux_2-scaled.jpg\",\"datePublished\":\"2022-08-14T11:49:11+00:00\",\"dateModified\":\"2022-08-14T23:41:59+00:00\",\"breadcrumb\":{\"@id\":\"https:\\\/\\\/gite-barroux.fr\\\/index.php\\\/visites\\\/#breadcrumb\"},\"inLanguage\":\"fr-FR\",\"potentialAction\":[{\"@type\":\"ReadAction\",\"target\":[\"https:\\\/\\\/gite-barroux.fr\\\/index.php\\\/visites\\\/\"]}]},{\"@type\":\"ImageObject\",\"inLanguage\":\"fr-FR\",\"@id\":\"https:\\\/\\\/gite-barroux.fr\\\/index.php\\\/visites\\\/#primaryimage\",\"url\":\"https:\\\/\\\/gite-barroux.fr\\\/wp-content\\\/uploads\\\/2022\\\/08\\\/Village_du_Barroux_2-scaled.jpg\",\"contentUrl\":\"https:\\\/\\\/gite-barroux.fr\\\/wp-content\\\/uploads\\\/2022\\\/08\\\/Village_du_Barroux_2-scaled.jpg\",\"width\":2560,\"height\":1920,\"caption\":\"Village du Barroux\"},{\"@type\":\"BreadcrumbList\",\"@id\":\"https:\\\/\\\/gite-barroux.fr\\\/index.php\\\/visites\\\/#breadcrumb\",\"itemListElement\":[{\"@type\":\"ListItem\",\"position\":1,\"name\":\"Accueil\",\"item\":\"https:\\\/\\\/gite-barroux.fr\\\/\"},{\"@type\":\"ListItem\",\"position\":2,\"name\":\"Visites\"}]},{\"@type\":\"WebSite\",\"@id\":\"https:\\\/\\\/gite-barroux.fr\\\/#website\",\"url\":\"https:\\\/\\\/gite-barroux.fr\\\/\",\"name\":\"G\u00eete de Bois Long - Le Barroux - Provence\",\"description\":\"H\u00e9bergement en Provence, au pied de l&#039;Abbaye du Barroux, entre le Mont Ventoux et les Dentelles de Montmirail\",\"publisher\":{\"@id\":\"https:\\\/\\\/gite-barroux.fr\\\/#organization\"},\"potentialAction\":[{\"@type\":\"SearchAction\",\"target\":{\"@type\":\"EntryPoint\",\"urlTemplate\":\"https:\\\/\\\/gite-barroux.fr\\\/?s={search_term_string}\"},\"query-input\":{\"@type\":\"PropertyValueSpecification\",\"valueRequired\":true,\"valueName\":\"search_term_string\"}}],\"inLanguage\":\"fr-FR\"},{\"@type\":\"Organization\",\"@id\":\"https:\\\/\\\/gite-barroux.fr\\\/#organization\",\"name\":\"G\u00eete de Bois Long\",\"url\":\"https:\\\/\\\/gite-barroux.fr\\\/\",\"logo\":{\"@type\":\"ImageObject\",\"inLanguage\":\"fr-FR\",\"@id\":\"https:\\\/\\\/gite-barroux.fr\\\/#\\\/schema\\\/logo\\\/image\\\/\",\"url\":\"http:\\\/\\\/gite-barroux.fr\\\/wp-content\\\/uploads\\\/2022\\\/08\\\/3-etoiles-meuble-de-tourisme.png\",\"contentUrl\":\"http:\\\/\\\/gite-barroux.fr\\\/wp-content\\\/uploads\\\/2022\\\/08\\\/3-etoiles-meuble-de-tourisme.png\",\"width\":300,\"height\":150,\"caption\":\"G\u00eete de Bois Long\"},\"image\":{\"@id\":\"https:\\\/\\\/gite-barroux.fr\\\/#\\\/schema\\\/logo\\\/image\\\/\"}}]}<\/script>\n<!-- \/ Yoast SEO plugin. -->","yoast_head_json":{"title":"Visites - G\u00eete de Bois Long - Le Barroux - Provence","robots":{"index":"index","follow":"follow","max-snippet":"max-snippet:-1","max-image-preview":"max-image-preview:large","max-video-preview":"max-video-preview:-1"},"canonical":"https:\/\/gite-barroux.fr\/index.php\/visites\/","og_locale":"fr_FR","og_type":"article","og_title":"Visites - G\u00eete de Bois Long - Le Barroux - Provence","og_description":"Le Barroux domin\u00e9 par son ch\u00e2teau Vaison la Romaine et ses fouilles antiques Avignon avec ses remparts, sa cath\u00e9drale, son c\u00e9l\u00e8bre pont et lePalais des papes Carpentras avec sa cath\u00e9drale abritant un clou de la Passion du Christ Orange et ses vestiges romains L\u2019abbaye cistercienne de S\u00e9nanque Des dizaines de villes et villages typiquement proven\u00e7aux [&hellip;]","og_url":"https:\/\/gite-barroux.fr\/index.php\/visites\/","og_site_name":"G\u00eete de Bois Long - Le Barroux - Provence","article_modified_time":"2022-08-14T23:41:59+00:00","og_image":[{"width":2560,"height":1920,"url":"https:\/\/gite-barroux.fr\/wp-content\/uploads\/2022\/08\/Village_du_Barroux_2-scaled.jpg","type":"image\/jpeg"}],"twitter_card":"summary_large_image","twitter_misc":{"Dur\u00e9e de lecture estim\u00e9e":"1 minute"},"schema":{"@context":"https:\/\/schema.org","@graph":[{"@type":"WebPage","@id":"https:\/\/gite-barroux.fr\/index.php\/visites\/","url":"https:\/\/gite-barroux.fr\/index.php\/visites\/","name":"Visites - G\u00eete de Bois Long - Le Barroux - Provence","isPartOf":{"@id":"https:\/\/gite-barroux.fr\/#website"},"primaryImageOfPage":{"@id":"https:\/\/gite-barroux.fr\/index.php\/visites\/#primaryimage"},"image":{"@id":"https:\/\/gite-barroux.fr\/index.php\/visites\/#primaryimage"},"thumbnailUrl":"https:\/\/gite-barroux.fr\/wp-content\/uploads\/2022\/08\/Village_du_Barroux_2-scaled.jpg","datePublished":"2022-08-14T11:49:11+00:00","dateModified":"2022-08-14T23:41:59+00:00","breadcrumb":{"@id":"https:\/\/gite-barroux.fr\/index.php\/visites\/#breadcrumb"},"inLanguage":"fr-FR","potentialAction":[{"@type":"ReadAction","target":["https:\/\/gite-barroux.fr\/index.php\/visites\/"]}]},{"@type":"ImageObject","inLanguage":"fr-FR","@id":"https:\/\/gite-barroux.fr\/index.php\/visites\/#primaryimage","url":"https:\/\/gite-barroux.fr\/wp-content\/uploads\/2022\/08\/Village_du_Barroux_2-scaled.jpg","contentUrl":"https:\/\/gite-barroux.fr\/wp-content\/uploads\/2022\/08\/Village_du_Barroux_2-scaled.jpg","width":2560,"height":1920,"caption":"Village du Barroux"},{"@type":"BreadcrumbList","@id":"https:\/\/gite-barroux.fr\/index.php\/visites\/#breadcrumb","itemListElement":[{"@type":"ListItem","position":1,"name":"Accueil","item":"https:\/\/gite-barroux.fr\/"},{"@type":"ListItem","position":2,"name":"Visites"}]},{"@type":"WebSite","@id":"https:\/\/gite-barroux.fr\/#website","url":"https:\/\/gite-barroux.fr\/","name":"G\u00eete de Bois Long - Le Barroux - Provence","description":"H\u00e9bergement en Provence, au pied de l&#039;Abbaye du Barroux, entre le Mont Ventoux et les Dentelles de Montmirail","publisher":{"@id":"https:\/\/gite-barroux.fr\/#organization"},"potentialAction":[{"@type":"SearchAction","target":{"@type":"EntryPoint","urlTemplate":"https:\/\/gite-barroux.fr\/?s={search_term_string}"},"query-input":{"@type":"PropertyValueSpecification","valueRequired":true,"valueName":"search_term_string"}}],"inLanguage":"fr-FR"},{"@type":"Organization","@id":"https:\/\/gite-barroux.fr\/#organization","name":"G\u00eete de Bois Long","url":"https:\/\/gite-barroux.fr\/","logo":{"@type":"ImageObject","inLanguage":"fr-FR","@id":"https:\/\/gite-barroux.fr\/#\/schema\/logo\/image\/","url":"http:\/\/gite-barroux.fr\/wp-content\/uploads\/2022\/08\/3-etoiles-meuble-de-tourisme.png","contentUrl":"http:\/\/gite-barroux.fr\/wp-content\/uploads\/2022\/08\/3-etoiles-meuble-de-tourisme.png","width":300,"height":150,"caption":"G\u00eete de Bois Long"},"image":{"@id":"https:\/\/gite-barroux.fr\/#\/schema\/logo\/image\/"}}]}},"_links":{"self":[{"href":"https:\/\/gite-barroux.fr\/index.php\/wp-json\/wp\/v2\/pages\/107","targetHints":{"allow":["GET"]}}],"collection":[{"href":"https:\/\/gite-barroux.fr\/index.php\/wp-json\/wp\/v2\/pages"}],"about":[{"href":"https:\/\/gite-barroux.fr\/index.php\/wp-json\/wp\/v2\/types\/page"}],"author":[{"embeddable":true,"href":"https:\/\/gite-barroux.fr\/index.php\/wp-json\/wp\/v2\/users\/1"}],"replies":[{"embeddable":true,"href":"https:\/\/gite-barroux.fr\/index.php\/wp-json\/wp\/v2\/comments?post=107"}],"version-history":[{"count":7,"href":"https:\/\/gite-barroux.fr\/index.php\/wp-json\/wp\/v2\/pages\/107\/revisions"}],"predecessor-version":[{"id":264,"href":"https:\/\/gite-barroux.fr\/index.php\/wp-json\/wp\/v2\/pages\/107\/revisions\/264"}],"wp:featuredmedia":[{"embeddable":true,"href":"https:\/\/gite-barroux.fr\/index.php\/wp-json\/wp\/v2\/media\/179"}],"wp:attachment":[{"href":"https:\/\/gite-barroux.fr\/index.php\/wp-json\/wp\/v2\/media?parent=107"}],"curies":[{"name":"wp","href":"https:\/\/api.w.org\/{rel}","templated":true}]}}